{"id":2703,"date":"2025-12-12T16:11:02","date_gmt":"2025-12-12T15:11:02","guid":{"rendered":"https:\/\/test.techcobenin.com\/?post_type=product&#038;p=2703"},"modified":"2025-12-12T16:11:02","modified_gmt":"2025-12-12T15:11:02","slug":"jouet-tomcat","status":"publish","type":"product","link":"https:\/\/test.techcobenin.com\/index.php\/produit\/jouet-tomcat\/","title":{"rendered":"Jouet TomCat"},"content":{"rendered":"<ul data-hveid=\"CBIQAQ\" data-ved=\"2ahUKEwidtI6qqbiRAxWOU6QEHUqEK6EQm_YKegQIEhAB\">\n<li><span data-huuid=\"9380956191996458569\"><strong>Personnage :<\/strong>\u00a0Talking Tom est un chat anthropomorphe connu pour r\u00e9p\u00e9ter ce que les utilisateurs disent avec une voix aigu\u00eb et nasillarde.<span class=\"pjBG2e\" data-cid=\"550857a9-6d83-4acf-a198-3b9456b72c3c\"><span class=\"UV3uM\">\u00a0<\/span><\/span><\/span>\n<div class=\"NPrrbc\" data-cid=\"550857a9-6d83-4acf-a198-3b9456b72c3c\" data-uuids=\"9380956191996458569\">\n<div class=\"BMebGe btku5b LwdV0e FR7ZSc OJeuxf\" role=\"button\" aria-label=\"Afficher les liens associ\u00e9s\" data-hveid=\"CA4QAQ\" data-ved=\"2ahUKEwidtI6qqbiRAxWOU6QEHUqEK6EQ3fYKegQIDhAB\">\n<div class=\"niO4u\"><\/div>\n<\/div>\n<\/div>\n<\/li>\n<li><span data-huuid=\"9380956191996458983\"><strong>Interaction :<\/strong>\u00a0Le personnage est con\u00e7u pour \u00eatre un animal de compagnie virtuel avec lequel les utilisateurs peuvent interagir de diverses mani\u00e8res.<span class=\"pjBG2e\" data-cid=\"8cdc3615-f24b-43b1-971f-e3d6e3e5f6e4\"><span class=\"UV3uM\">\u00a0<\/span><\/span><\/span>\n<div class=\"NPrrbc\" data-cid=\"8cdc3615-f24b-43b1-971f-e3d6e3e5f6e4\" data-uuids=\"9380956191996458983\">\n<div class=\"BMebGe btku5b LwdV0e FR7ZSc OJeuxf\" role=\"button\" aria-label=\"Afficher les liens associ\u00e9s\" data-hveid=\"CA8QAQ\" data-ved=\"2ahUKEwidtI6qqbiRAxWOU6QEHUqEK6EQ3fYKegQIDxAB\">\n<div class=\"niO4u\"><\/div>\n<\/div>\n<\/div>\n<\/li>\n<li><span data-huuid=\"9380956191996459397\"><strong>\u00c2ge :<\/strong>\u00a0Le jouet est recommand\u00e9 pour les enfants de 3 ans et plus.<\/span><\/li>\n<\/ul>\n","protected":false},"excerpt":{"rendered":"<p>Personnage :\u00a0Talking Tom est un chat anthropomorphe connu pour r\u00e9p\u00e9ter ce que les utilisateurs disent avec une voix aigu\u00eb et<\/p>\n","protected":false},"featured_media":2704,"template":"","meta":[],"product_brand":[],"product_cat":[68],"product_tag":[],"class_list":{"0":"post-2703","1":"product","2":"type-product","3":"status-publish","4":"has-post-thumbnail","6":"product_cat-jouets-eveils","8":"first","9":"instock","10":"shipping-taxable","11":"purchasable","12":"product-type-simple"},"_links":{"self":[{"href":"https:\/\/test.techcobenin.com\/index.php\/wp-json\/wp\/v2\/product\/2703","targetHints":{"allow":["GET"]}}],"collection":[{"href":"https:\/\/test.techcobenin.com\/index.php\/wp-json\/wp\/v2\/product"}],"about":[{"href":"https:\/\/test.techcobenin.com\/index.php\/wp-json\/wp\/v2\/types\/product"}],"version-history":[{"count":1,"href":"https:\/\/test.techcobenin.com\/index.php\/wp-json\/wp\/v2\/product\/2703\/revisions"}],"predecessor-version":[{"id":2705,"href":"https:\/\/test.techcobenin.com\/index.php\/wp-json\/wp\/v2\/product\/2703\/revisions\/2705"}],"wp:featuredmedia":[{"embeddable":true,"href":"https:\/\/test.techcobenin.com\/index.php\/wp-json\/wp\/v2\/media\/2704"}],"wp:attachment":[{"href":"https:\/\/test.techcobenin.com\/index.php\/wp-json\/wp\/v2\/media?parent=2703"}],"wp:term":[{"taxonomy":"product_brand","embeddable":true,"href":"https:\/\/test.techcobenin.com\/index.php\/wp-json\/wp\/v2\/product_brand?post=2703"},{"taxonomy":"product_cat","embeddable":true,"href":"https:\/\/test.techcobenin.com\/index.php\/wp-json\/wp\/v2\/product_cat?post=2703"},{"taxonomy":"product_tag","embeddable":true,"href":"https:\/\/test.techcobenin.com\/index.php\/wp-json\/wp\/v2\/product_tag?post=2703"}],"curies":[{"name":"wp","href":"https:\/\/api.w.org\/{rel}","templated":true}]}}