{"id":2522,"date":"2025-12-08T18:22:21","date_gmt":"2025-12-08T17:22:21","guid":{"rendered":"https:\/\/test.techcobenin.com\/?post_type=product&#038;p=2522"},"modified":"2025-12-08T18:22:21","modified_gmt":"2025-12-08T17:22:21","slug":"jouet-robot-spider-man","status":"publish","type":"product","link":"https:\/\/test.techcobenin.com\/index.php\/produit\/jouet-robot-spider-man\/","title":{"rendered":"Jouet robot Spider-Man"},"content":{"rendered":"","protected":false},"excerpt":{"rendered":"<ul data-hveid=\"CAcQAQ\" data-ved=\"2ahUKEwi8k-C6v66RAxVsUKQEHXbrHTkQm_YKegQIBxAB\">\n<li><span data-huuid=\"9709428566009653119\">Le jouet est con\u00e7u pour danser avec de la musique et des lumi\u00e8res.<\/span><\/li>\n<li><span data-huuid=\"9709428566009652081\">Il est dot\u00e9 d&rsquo;un d\u00e9tecteur de mouvement int\u00e9gr\u00e9 qui d\u00e9clenche des salutations, des phrases et des expressions.<\/span><\/li>\n<li><span data-huuid=\"9709428566009655139\">Les yeux anim\u00e9s peuvent cligner et montrer des effets comme des explosions.<\/span><\/li>\n<\/ul>\n","protected":false},"featured_media":2160,"template":"","meta":[],"product_brand":[],"product_cat":[68],"product_tag":[],"class_list":{"0":"post-2522","1":"product","2":"type-product","3":"status-publish","4":"has-post-thumbnail","6":"product_cat-jouets-eveils","8":"first","9":"instock","10":"shipping-taxable","11":"purchasable","12":"product-type-simple"},"_links":{"self":[{"href":"https:\/\/test.techcobenin.com\/index.php\/wp-json\/wp\/v2\/product\/2522","targetHints":{"allow":["GET"]}}],"collection":[{"href":"https:\/\/test.techcobenin.com\/index.php\/wp-json\/wp\/v2\/product"}],"about":[{"href":"https:\/\/test.techcobenin.com\/index.php\/wp-json\/wp\/v2\/types\/product"}],"version-history":[{"count":1,"href":"https:\/\/test.techcobenin.com\/index.php\/wp-json\/wp\/v2\/product\/2522\/revisions"}],"predecessor-version":[{"id":2523,"href":"https:\/\/test.techcobenin.com\/index.php\/wp-json\/wp\/v2\/product\/2522\/revisions\/2523"}],"wp:featuredmedia":[{"embeddable":true,"href":"https:\/\/test.techcobenin.com\/index.php\/wp-json\/wp\/v2\/media\/2160"}],"wp:attachment":[{"href":"https:\/\/test.techcobenin.com\/index.php\/wp-json\/wp\/v2\/media?parent=2522"}],"wp:term":[{"taxonomy":"product_brand","embeddable":true,"href":"https:\/\/test.techcobenin.com\/index.php\/wp-json\/wp\/v2\/product_brand?post=2522"},{"taxonomy":"product_cat","embeddable":true,"href":"https:\/\/test.techcobenin.com\/index.php\/wp-json\/wp\/v2\/product_cat?post=2522"},{"taxonomy":"product_tag","embeddable":true,"href":"https:\/\/test.techcobenin.com\/index.php\/wp-json\/wp\/v2\/product_tag?post=2522"}],"curies":[{"name":"wp","href":"https:\/\/api.w.org\/{rel}","templated":true}]}}