{"id":2461,"date":"2025-12-05T14:46:37","date_gmt":"2025-12-05T13:46:37","guid":{"rendered":"https:\/\/test.techcobenin.com\/?post_type=product&#038;p=2461"},"modified":"2025-12-13T16:14:16","modified_gmt":"2025-12-13T15:14:16","slug":"ensemble-de-jeu-de-basket-ball-pour-enfants","status":"publish","type":"product","link":"https:\/\/test.techcobenin.com\/index.php\/produit\/ensemble-de-jeu-de-basket-ball-pour-enfants\/","title":{"rendered":"Ensemble de jeu de basket-ball pour enfants"},"content":{"rendered":"<ul class=\"KsbFXc U6u95\" data-complete=\"true\" data-processed=\"true\">\n<li data-hveid=\"CAQQAQ\" data-complete=\"true\" data-sae=\"\"><span class=\"T286Pc\" data-sfc-cp=\"\" data-complete=\"true\"><strong class=\"Yjhzub\" data-complete=\"true\">Ajustabilit\u00e9 :<\/strong>\u00a0La hauteur est g\u00e9n\u00e9ralement r\u00e9glable, de 149 cm \u00e0 195 cm (environ 4,9 \u00e0 6,4 pieds), ce qui lui permet de grandir avec l&rsquo;enfant.<\/span><\/li>\n<li data-hveid=\"CAQQAg\" data-complete=\"true\" data-sae=\"\"><span class=\"T286Pc\" data-sfc-cp=\"\" data-complete=\"true\"><strong class=\"Yjhzub\" data-complete=\"true\">Contenu :<\/strong>\u00a0L&rsquo;ensemble comprend un panneau, un panier avec filet, un poteau en m\u00e9tal, une base, un ballon gonflable et une pompe.<\/span><\/li>\n<li data-hveid=\"CAQQAw\" data-complete=\"true\" data-sae=\"\"><span class=\"T286Pc\" data-sfc-cp=\"\" data-complete=\"true\"><strong class=\"Yjhzub\" data-complete=\"true\">Stabilit\u00e9 :<\/strong>\u00a0La base peut \u00eatre remplie d&rsquo;eau ou de sable pour assurer la stabilit\u00e9 pendant le jeu.<\/span><\/li>\n<li data-hveid=\"CAQQBA\" data-complete=\"true\" data-sae=\"\"><span class=\"T286Pc\" data-sfc-cp=\"\" data-complete=\"true\"><strong class=\"Yjhzub\" data-complete=\"true\">Usage :<\/strong>\u00a0Il convient aussi bien pour une utilisation en int\u00e9rieur qu&rsquo;en ext\u00e9rieur.<\/span><\/li>\n<li data-hveid=\"CAQQBQ\" data-complete=\"true\" data-sae=\"\"><span class=\"T286Pc\" data-sfc-cp=\"\" data-complete=\"true\"><strong class=\"Yjhzub\" data-complete=\"true\">\u00c2ge Recommand\u00e9 :<\/strong>\u00a0Le jouet est recommand\u00e9 pour les enfants de 3 ans et plus.<\/span><\/li>\n<\/ul>\n","protected":false},"excerpt":{"rendered":"<p>Ajustabilit\u00e9 :\u00a0La hauteur est g\u00e9n\u00e9ralement r\u00e9glable, de 149 cm \u00e0 195 cm (environ 4,9 \u00e0 6,4 pieds), ce qui lui<\/p>\n","protected":false},"featured_media":2171,"template":"","meta":[],"product_brand":[],"product_cat":[68,100],"product_tag":[],"class_list":{"0":"post-2461","1":"product","2":"type-product","3":"status-publish","4":"has-post-thumbnail","6":"product_cat-jouets-eveils","7":"product_cat-nouveaute","9":"first","10":"instock","11":"shipping-taxable","12":"purchasable","13":"product-type-simple"},"_links":{"self":[{"href":"https:\/\/test.techcobenin.com\/index.php\/wp-json\/wp\/v2\/product\/2461","targetHints":{"allow":["GET"]}}],"collection":[{"href":"https:\/\/test.techcobenin.com\/index.php\/wp-json\/wp\/v2\/product"}],"about":[{"href":"https:\/\/test.techcobenin.com\/index.php\/wp-json\/wp\/v2\/types\/product"}],"version-history":[{"count":1,"href":"https:\/\/test.techcobenin.com\/index.php\/wp-json\/wp\/v2\/product\/2461\/revisions"}],"predecessor-version":[{"id":2462,"href":"https:\/\/test.techcobenin.com\/index.php\/wp-json\/wp\/v2\/product\/2461\/revisions\/2462"}],"wp:featuredmedia":[{"embeddable":true,"href":"https:\/\/test.techcobenin.com\/index.php\/wp-json\/wp\/v2\/media\/2171"}],"wp:attachment":[{"href":"https:\/\/test.techcobenin.com\/index.php\/wp-json\/wp\/v2\/media?parent=2461"}],"wp:term":[{"taxonomy":"product_brand","embeddable":true,"href":"https:\/\/test.techcobenin.com\/index.php\/wp-json\/wp\/v2\/product_brand?post=2461"},{"taxonomy":"product_cat","embeddable":true,"href":"https:\/\/test.techcobenin.com\/index.php\/wp-json\/wp\/v2\/product_cat?post=2461"},{"taxonomy":"product_tag","embeddable":true,"href":"https:\/\/test.techcobenin.com\/index.php\/wp-json\/wp\/v2\/product_tag?post=2461"}],"curies":[{"name":"wp","href":"https:\/\/api.w.org\/{rel}","templated":true}]}}