{"id":1755,"date":"2025-11-21T18:11:28","date_gmt":"2025-11-21T17:11:28","guid":{"rendered":"https:\/\/test.techcobenin.com\/?post_type=product&#038;p=1755"},"modified":"2025-11-21T18:11:28","modified_gmt":"2025-11-21T17:11:28","slug":"klorane-bebe-eau-fraiche-parfumee-au-calendula-500-ml","status":"publish","type":"product","link":"https:\/\/test.techcobenin.com\/index.php\/produit\/klorane-bebe-eau-fraiche-parfumee-au-calendula-500-ml\/","title":{"rendered":"Klorane B\u00c9B\u00c9 Eau Fra\u00eeche Parfum\u00e9e au Calendula 500 ml"},"content":{"rendered":"<h2>Description :<\/h2>\n<div class=\"value\">\n<div data-content-type=\"html\" data-appearance=\"default\" data-element=\"main\" data-decoded=\"true\">\n<p class=\"product-description-description-text\">L\u2019<strong>Eau Fra\u00eeche Parfum\u00e9e au Calendula de la gamme B\u00e9b\u00e9 de KLORANE\u00a0<\/strong>est con\u00e7ue pour parfaire le bain des b\u00e9b\u00e9s et des nourrissons. Elle contribue \u00e0 l\u2019apaisement et au rafra\u00eechissement de leur peau et aide \u00e9galement \u00e0 faciliter leur coiffage.<\/p>\n<p class=\"product-description-description-text\">Cette eau \u00e0 la senteur tendre et relaxante est formul\u00e9e \u00e0 base de Calendula obtenu \u00e0 partir de fleurs issues de culture bio. Ses actifs \u00e0 97% d\u2019origine naturelle permettent de rafra\u00eechir et de parfumer subtilement le corps et les cheveux de b\u00e9b\u00e9.<\/p>\n<p class=\"product-description-description-text\">Test\u00e9e sous contr\u00f4le p\u00e9diatrique, cette eau fra\u00eeche parfum\u00e9e apporte douceur et confort \u00e0 la peau de b\u00e9b\u00e9. Elle est destin\u00e9e aux peaux normales.<\/p>\n<p><strong>D\u00e8s la naissance, nourrisson et b\u00e9b\u00e9. Corps et cheveux.<\/strong><\/p>\n<\/div>\n<\/div>\n","protected":false},"excerpt":{"rendered":"<p>Cette\u00a0<strong>eau parfum\u00e9e<\/strong>\u00a0au calendula\u00a0<strong>apaise<\/strong>\u00a0et\u00a0<strong>rafra\u00eechit<\/strong>\u00a0la peau tout en\u00a0<strong>facilitant<\/strong>\u00a0le coiffage des b\u00e9b\u00e9s et des nourrissons.<\/p>\n","protected":false},"featured_media":1757,"template":"","meta":[],"product_brand":[],"product_cat":[71],"product_tag":[],"class_list":{"0":"post-1755","1":"product","2":"type-product","3":"status-publish","4":"has-post-thumbnail","6":"product_cat-soins-toilette","8":"first","9":"instock","10":"shipping-taxable","11":"purchasable","12":"product-type-simple"},"_links":{"self":[{"href":"https:\/\/test.techcobenin.com\/index.php\/wp-json\/wp\/v2\/product\/1755","targetHints":{"allow":["GET"]}}],"collection":[{"href":"https:\/\/test.techcobenin.com\/index.php\/wp-json\/wp\/v2\/product"}],"about":[{"href":"https:\/\/test.techcobenin.com\/index.php\/wp-json\/wp\/v2\/types\/product"}],"version-history":[{"count":1,"href":"https:\/\/test.techcobenin.com\/index.php\/wp-json\/wp\/v2\/product\/1755\/revisions"}],"predecessor-version":[{"id":1758,"href":"https:\/\/test.techcobenin.com\/index.php\/wp-json\/wp\/v2\/product\/1755\/revisions\/1758"}],"wp:featuredmedia":[{"embeddable":true,"href":"https:\/\/test.techcobenin.com\/index.php\/wp-json\/wp\/v2\/media\/1757"}],"wp:attachment":[{"href":"https:\/\/test.techcobenin.com\/index.php\/wp-json\/wp\/v2\/media?parent=1755"}],"wp:term":[{"taxonomy":"product_brand","embeddable":true,"href":"https:\/\/test.techcobenin.com\/index.php\/wp-json\/wp\/v2\/product_brand?post=1755"},{"taxonomy":"product_cat","embeddable":true,"href":"https:\/\/test.techcobenin.com\/index.php\/wp-json\/wp\/v2\/product_cat?post=1755"},{"taxonomy":"product_tag","embeddable":true,"href":"https:\/\/test.techcobenin.com\/index.php\/wp-json\/wp\/v2\/product_tag?post=1755"}],"curies":[{"name":"wp","href":"https:\/\/api.w.org\/{rel}","templated":true}]}}