{"id":1654,"date":"2025-11-21T13:22:24","date_gmt":"2025-11-21T12:22:24","guid":{"rendered":"https:\/\/test.techcobenin.com\/?post_type=product&#038;p=1654"},"modified":"2025-11-22T16:39:33","modified_gmt":"2025-11-22T15:39:33","slug":"lit-parapluie-bebe-avec-table-a-langer-babytrend-lit-bebe-evolutif-avec-jouets-mignons-boite-a-musique","status":"publish","type":"product","link":"https:\/\/test.techcobenin.com\/index.php\/produit\/lit-parapluie-bebe-avec-table-a-langer-babytrend-lit-bebe-evolutif-avec-jouets-mignons-boite-a-musique\/","title":{"rendered":"Lit Parapluie B\u00e9b\u00e9 avec Table \u00e0 Langer babytrend"},"content":{"rendered":"<ul data-hveid=\"CBkQAQ\" data-ved=\"2ahUKEwiA8vuUnIORAxV6TqQEHdWnMbUQm_YKegQIGRAB\">\n<li><span data-huuid=\"16535987536067029700\">Il est con\u00e7u pour les enfants de la naissance jusqu&rsquo;\u00e0 13,6 kg (30 lbs) ou 89 cm (35 pouces).<\/span><\/li>\n<li><span data-huuid=\"16535987536067029700\"><span class=\"pjBG2e\" data-cid=\"35dd4284-025c-4459-9341-f6e49587f7aa\"><span class=\"UV3uM\">\u00a0Il comprend un berceau amovible de taille normale, qui se transforme en bascule, avec une unit\u00e9 \u00e9lectronique de musique et de vibration.\u00a0\u00a0<\/span><\/span><\/span><\/li>\n<li><span data-huuid=\"16535987536067028088\">Il dispose \u00e9galement d&rsquo;une table \u00e0 langer amovible et d&rsquo;un organisateur de couches pour plus de commodit\u00e9.<span class=\"pjBG2e\" data-cid=\"d4895feb-2ec9-460e-a353-7af6931574a2\"><span class=\"UV3uM\">\u00a0<\/span><\/span><\/span><\/li>\n<li><span data-huuid=\"16535987536067027282\">Le parc se replie de mani\u00e8re compacte et est livr\u00e9 avec un sac de voyage pour faciliter le transport et le stockage.<span class=\"pjBG2e\" data-cid=\"02a75242-2a63-4cc3-98ef-b36653f7a367\"><span class=\"UV3uM\">\u00a0<\/span><\/span><\/span><\/li>\n<li><span data-huuid=\"16535987536067030572\">Les roulettes permettent une mobilit\u00e9 facile d&rsquo;une pi\u00e8ce \u00e0 l&rsquo;autre<\/span><\/li>\n<\/ul>\n","protected":false},"excerpt":{"rendered":"<p>Il est con\u00e7u pour les enfants de la naissance jusqu&rsquo;\u00e0 13,6 kg (30 lbs) ou 89 cm (35 pouces). \u00a0Il<\/p>\n","protected":false},"featured_media":1665,"template":"","meta":[],"product_brand":[],"product_cat":[106,58,79],"product_tag":[],"class_list":{"0":"post-1654","1":"product","2":"type-product","3":"status-publish","4":"has-post-thumbnail","6":"product_cat-produits-populaires","7":"product_cat-chambre-bebe-et-enfant","8":"product_cat-berceau-cododo","10":"first","11":"instock","12":"shipping-taxable","13":"purchasable","14":"product-type-simple"},"_links":{"self":[{"href":"https:\/\/test.techcobenin.com\/index.php\/wp-json\/wp\/v2\/product\/1654","targetHints":{"allow":["GET"]}}],"collection":[{"href":"https:\/\/test.techcobenin.com\/index.php\/wp-json\/wp\/v2\/product"}],"about":[{"href":"https:\/\/test.techcobenin.com\/index.php\/wp-json\/wp\/v2\/types\/product"}],"version-history":[{"count":6,"href":"https:\/\/test.techcobenin.com\/index.php\/wp-json\/wp\/v2\/product\/1654\/revisions"}],"predecessor-version":[{"id":1799,"href":"https:\/\/test.techcobenin.com\/index.php\/wp-json\/wp\/v2\/product\/1654\/revisions\/1799"}],"wp:featuredmedia":[{"embeddable":true,"href":"https:\/\/test.techcobenin.com\/index.php\/wp-json\/wp\/v2\/media\/1665"}],"wp:attachment":[{"href":"https:\/\/test.techcobenin.com\/index.php\/wp-json\/wp\/v2\/media?parent=1654"}],"wp:term":[{"taxonomy":"product_brand","embeddable":true,"href":"https:\/\/test.techcobenin.com\/index.php\/wp-json\/wp\/v2\/product_brand?post=1654"},{"taxonomy":"product_cat","embeddable":true,"href":"https:\/\/test.techcobenin.com\/index.php\/wp-json\/wp\/v2\/product_cat?post=1654"},{"taxonomy":"product_tag","embeddable":true,"href":"https:\/\/test.techcobenin.com\/index.php\/wp-json\/wp\/v2\/product_tag?post=1654"}],"curies":[{"name":"wp","href":"https:\/\/api.w.org\/{rel}","templated":true}]}}