{"id":1471,"date":"2025-11-18T15:35:24","date_gmt":"2025-11-18T14:35:24","guid":{"rendered":"https:\/\/test.techcobenin.com\/?post_type=product&#038;p=1471"},"modified":"2025-11-22T16:49:52","modified_gmt":"2025-11-22T15:49:52","slug":"chauffe-biberon-et-chauffe-plats-electrique-tommee-tippee","status":"publish","type":"product","link":"https:\/\/test.techcobenin.com\/index.php\/produit\/chauffe-biberon-et-chauffe-plats-electrique-tommee-tippee\/","title":{"rendered":"Chauffe-biberon et chauffe-plats \u00e9lectrique tommee tippee"},"content":{"rendered":"<p>D\u00e9couvrez le chauffe-biberon tommee tippee, un appareil pratique pour r\u00e9chauffer rapidement et uniform\u00e9ment le lait et les aliments pour b\u00e9b\u00e9s. Compact et facile \u00e0 utiliser, il garantit une pr\u00e9paration simple et s\u00fbre, id\u00e9ale pour les sorties et les nuits.<\/p>\n","protected":false},"excerpt":{"rendered":"<p>Il est con\u00e7u pour s&rsquo;adapter \u00e0 la plupart des marques de biberons et de petits pots<\/p>\n","protected":false},"featured_media":1457,"template":"","meta":[],"product_brand":[],"product_cat":[106,66,72],"product_tag":[],"class_list":{"0":"post-1471","1":"product","2":"type-product","3":"status-publish","4":"has-post-thumbnail","6":"product_cat-produits-populaires","7":"product_cat-repas-et-vaisselle-bebe","8":"product_cat-repas","10":"first","11":"instock","12":"shipping-taxable","13":"purchasable","14":"product-type-simple"},"_links":{"self":[{"href":"https:\/\/test.techcobenin.com\/index.php\/wp-json\/wp\/v2\/product\/1471","targetHints":{"allow":["GET"]}}],"collection":[{"href":"https:\/\/test.techcobenin.com\/index.php\/wp-json\/wp\/v2\/product"}],"about":[{"href":"https:\/\/test.techcobenin.com\/index.php\/wp-json\/wp\/v2\/types\/product"}],"version-history":[{"count":2,"href":"https:\/\/test.techcobenin.com\/index.php\/wp-json\/wp\/v2\/product\/1471\/revisions"}],"predecessor-version":[{"id":1473,"href":"https:\/\/test.techcobenin.com\/index.php\/wp-json\/wp\/v2\/product\/1471\/revisions\/1473"}],"wp:featuredmedia":[{"embeddable":true,"href":"https:\/\/test.techcobenin.com\/index.php\/wp-json\/wp\/v2\/media\/1457"}],"wp:attachment":[{"href":"https:\/\/test.techcobenin.com\/index.php\/wp-json\/wp\/v2\/media?parent=1471"}],"wp:term":[{"taxonomy":"product_brand","embeddable":true,"href":"https:\/\/test.techcobenin.com\/index.php\/wp-json\/wp\/v2\/product_brand?post=1471"},{"taxonomy":"product_cat","embeddable":true,"href":"https:\/\/test.techcobenin.com\/index.php\/wp-json\/wp\/v2\/product_cat?post=1471"},{"taxonomy":"product_tag","embeddable":true,"href":"https:\/\/test.techcobenin.com\/index.php\/wp-json\/wp\/v2\/product_tag?post=1471"}],"curies":[{"name":"wp","href":"https:\/\/api.w.org\/{rel}","templated":true}]}}