{"id":1292,"date":"2025-11-17T12:31:52","date_gmt":"2025-11-17T11:31:52","guid":{"rendered":"https:\/\/test.techcobenin.com\/?post_type=product&#038;p=1292"},"modified":"2025-11-26T17:53:41","modified_gmt":"2025-11-26T16:53:41","slug":"sortie-de-bain-little-alpaca-bebe-avec-eponge-et-3-gants","status":"publish","type":"product","link":"https:\/\/test.techcobenin.com\/index.php\/produit\/sortie-de-bain-little-alpaca-bebe-avec-eponge-et-3-gants\/","title":{"rendered":"Sortie de bain Little Alpaca b\u00e9b\u00e9 avec \u00e9ponge et 3 gants"},"content":{"rendered":"","protected":false},"excerpt":{"rendered":"<p><strong class=\"Yjhzub\" data-complete=\"true\" data-processed=\"true\"><span class=\"T286Pc\" data-sfc-cp=\"\" data-complete=\"true\" data-processed=\"true\">L&rsquo;ensemble de bain\u00a0Little Alpaca<\/span><\/strong> est un kit complet pour b\u00e9b\u00e9, comprenant une <strong class=\"Yjhzub\" data-complete=\"true\" data-processed=\"true\">serviette<\/strong>\u00a0douce, un\u00a0<strong class=\"Yjhzub\" data-complete=\"true\" data-processed=\"true\">jouet de bain<\/strong>\u00a0(\u00e9ponge) et\u00a0<strong class=\"Yjhzub\" data-complete=\"true\" data-processed=\"true\">trois d\u00e9barbouillettes<\/strong>\u00a0assorties. Con\u00e7u pour envelopper b\u00e9b\u00e9 de douceur apr\u00e8s le bain, cet ensemble combine praticit\u00e9 et confort pour les routines quotidiennes<\/p>\n","protected":false},"featured_media":1188,"template":"","meta":[],"product_brand":[],"product_cat":[71],"product_tag":[],"class_list":{"0":"post-1292","1":"product","2":"type-product","3":"status-publish","4":"has-post-thumbnail","6":"product_cat-soins-toilette","8":"first","9":"instock","10":"shipping-taxable","11":"purchasable","12":"product-type-variable"},"_links":{"self":[{"href":"https:\/\/test.techcobenin.com\/index.php\/wp-json\/wp\/v2\/product\/1292","targetHints":{"allow":["GET"]}}],"collection":[{"href":"https:\/\/test.techcobenin.com\/index.php\/wp-json\/wp\/v2\/product"}],"about":[{"href":"https:\/\/test.techcobenin.com\/index.php\/wp-json\/wp\/v2\/types\/product"}],"version-history":[{"count":2,"href":"https:\/\/test.techcobenin.com\/index.php\/wp-json\/wp\/v2\/product\/1292\/revisions"}],"predecessor-version":[{"id":1296,"href":"https:\/\/test.techcobenin.com\/index.php\/wp-json\/wp\/v2\/product\/1292\/revisions\/1296"}],"wp:featuredmedia":[{"embeddable":true,"href":"https:\/\/test.techcobenin.com\/index.php\/wp-json\/wp\/v2\/media\/1188"}],"wp:attachment":[{"href":"https:\/\/test.techcobenin.com\/index.php\/wp-json\/wp\/v2\/media?parent=1292"}],"wp:term":[{"taxonomy":"product_brand","embeddable":true,"href":"https:\/\/test.techcobenin.com\/index.php\/wp-json\/wp\/v2\/product_brand?post=1292"},{"taxonomy":"product_cat","embeddable":true,"href":"https:\/\/test.techcobenin.com\/index.php\/wp-json\/wp\/v2\/product_cat?post=1292"},{"taxonomy":"product_tag","embeddable":true,"href":"https:\/\/test.techcobenin.com\/index.php\/wp-json\/wp\/v2\/product_tag?post=1292"}],"curies":[{"name":"wp","href":"https:\/\/api.w.org\/{rel}","templated":true}]}}